{"id":70470,"date":"2015-10-06T12:21:51","date_gmt":"2015-10-06T12:21:51","guid":{"rendered":"http:\/\/broker.commercegurus.com\/?page_id=5"},"modified":"2021-02-02T09:34:09","modified_gmt":"2021-02-02T09:34:09","slug":"watso-kimya","status":"publish","type":"page","link":"https:\/\/www.watsokimya.net\/","title":{"rendered":"Ana Sayfa"},"content":{"rendered":"<p>[vc_row type=&#8221;full_page_width&#8221; padding_top=&#8221;&#8221; padding_bottom=&#8221;&#8221; css=&#8221;.vc_custom_1451747024312{margin-bottom: 12px !important;}&#8221;][vc_column css=&#8221;.vc_custom_1451675335363{margin-bottom: -35px !important;padding-right: 0px !important;padding-left: 0px !important;}&#8221;][layerslider_vc id=&#8221;1&#8243;][\/vc_column][\/vc_row][vc_row type=&#8221;container&#8221; padding_top=&#8221;&#8221; padding_bottom=&#8221;&#8221; css=&#8221;.vc_custom_1451747032411{margin-bottom: 12px !important;}&#8221;][vc_column][vc_column_text]<\/p>\n<h3>\u00dcr\u00fcnleri bir fikirden son t\u00fcketiciye kadar g\u00f6t\u00fcrmek i\u00e7in yenilik ve teknolojinin \u00f6n saflar\u0131nda \u00e7al\u0131\u015f\u0131yoruz.<a href=\"http:\/\/www.watsokimya.net\/index.php\/teklif-isteyin\/\">Teklif Al\u0131n!<\/a><\/h3>\n<p>[\/vc_column_text][\/vc_column][\/vc_row][vc_row type=&#8221;container&#8221; padding_top=&#8221;&#8221; padding_bottom=&#8221;&#8221; css=&#8221;.vc_custom_1451746433787{margin-bottom: 15px !important;}&#8221;][vc_column width=&#8221;1\/3&#8243;][vc_single_image image=&#8221;70935&#8243; img_size=&#8221;large&#8221; onclick=&#8221;custom_link&#8221; link=&#8221;http:\/\/www.watsokimya.net\/index.php\/hizmetlerimiz\/buhar-kazan-kimyasallari\/&#8221; el_class=&#8221;zoom&#8221; css=&#8221;.vc_custom_1610362137821{margin-bottom: -10px !important;}&#8221;][vc_column_text]<\/p>\n<h4 class=\"feature\"><strong><a href=\"http:\/\/www.watsokimya.net\/index.php\/hizmetlerimiz\/buhar-kazan-kimyasallari\/\">Buhar Kazan Kimyasallar\u0131<\/a><\/strong><\/h4>\n<p><strong>Kurita son derece geni\u015f bir uygulama yelpazesine eksiksiz \u015fartland\u0131rma programlar\u0131 sunmaktad\u0131r.<\/strong>[\/vc_column_text][\/vc_column][vc_column width=&#8221;1\/3&#8243;][vc_single_image image=&#8221;70955&#8243; img_size=&#8221;large&#8221; onclick=&#8221;custom_link&#8221; link=&#8221;http:\/\/www.watsokimya.net\/index.php\/hizmetlerimiz\/aritma-sistemleri\/&#8221; el_class=&#8221;zoom&#8221; css=&#8221;.vc_custom_1610363782059{margin-bottom: -10px !important;}&#8221;][vc_column_text]<\/p>\n<h4 class=\"feature\"><strong><a href=\"http:\/\/www.watsokimya.net\/index.php\/hizmetlerimiz\/aritma-sistemleri\/\">Ar\u0131tma Sistemleri<\/a><\/strong><\/h4>\n<p><strong>Ters Osmoz Sistemleriyle Membran \u015eartland\u0131rma<\/strong>[\/vc_column_text][\/vc_column][vc_column width=&#8221;1\/3&#8243;][vc_single_image image=&#8221;70952&#8243; img_size=&#8221;large&#8221; onclick=&#8221;custom_link&#8221; link=&#8221;http:\/\/www.watsokimya.net\/index.php\/hizmetlerimiz\/metal-kimyasallari\/&#8221; el_class=&#8221;zoom&#8221; css=&#8221;.vc_custom_1610363594534{margin-bottom: -10px !important;}&#8221;][vc_column_text]<\/p>\n<h4><strong>So\u011futma Is\u0131tma Su Kimyasallar\u0131<\/strong><\/h4>\n<p><strong>Korozyon, tortu ve mikrobiyolojiyi \u00f6nlemek i\u00e7in yenilik\u00e7i \u00e7\u00f6z\u00fcmler.<\/strong>[\/vc_column_text][\/vc_column][\/vc_row][vc_row type=&#8221;container&#8221; padding_top=&#8221;&#8221; padding_bottom=&#8221;&#8221; css=&#8221;.vc_custom_1451746999255{margin-bottom: 35px !important;}&#8221;][vc_column width=&#8221;1\/3&#8243;][vc_single_image image=&#8221;70970&#8243; img_size=&#8221;large&#8221; onclick=&#8221;custom_link&#8221; link=&#8221;#&#8221; el_class=&#8221;zoom&#8221; css=&#8221;.vc_custom_1610610157592{margin-bottom: -10px !important;}&#8221;][vc_column_text]<\/p>\n<h4 class=\"feature\"><a href=\"#\">Kimyasal Dozajlama Sistemleri<\/a><\/h4>\n<p>Kimyasal Dozajlama Sistemleri[\/vc_column_text][\/vc_column][vc_column width=&#8221;1\/3&#8243;][vc_single_image image=&#8221;70969&#8243; img_size=&#8221;large&#8221; onclick=&#8221;custom_link&#8221; link=&#8221;#&#8221; el_class=&#8221;zoom&#8221; css=&#8221;.vc_custom_1610610244042{margin-bottom: -10px !important;}&#8221;][vc_column_text]<\/p>\n<h4 class=\"feature\">LABORATUAR VE SAHA ANAL\u0130Z<\/h4>\n<p>[\/vc_column_text][\/vc_column][vc_column width=&#8221;1\/3&#8243;][vc_single_image image=&#8221;70947&#8243; img_size=&#8221;large&#8221; onclick=&#8221;custom_link&#8221; link=&#8221;#&#8221; el_class=&#8221;zoom&#8221; css=&#8221;.vc_custom_1610363322417{margin-bottom: -10px !important;}&#8221;][vc_column_text]<\/p>\n<h4 class=\"feature\">Havuz Kimyasallar\u0131<\/h4>\n<p>Kaliteli, ekonomik ve fonksiyonel \u00f6zellikleriyle geni\u015f \u00fcr\u00fcn yelpazesi[\/vc_column_text][\/vc_column][\/vc_row][vc_row type=&#8221;container&#8221; padding_top=&#8221;&#8221; padding_bottom=&#8221;&#8221; css=&#8221;.vc_custom_1444833000148{margin-bottom: 15px !important;}&#8221;][vc_column][vc_separator color=&#8221;#eeeeee&#8221; type=&#8221;normal&#8221; thickness=&#8221;1&#8243; up=&#8221;&#8221; down=&#8221;&#8221;][\/vc_column][\/vc_row][vc_row type=&#8221;container&#8221; padding_top=&#8221;&#8221; padding_bottom=&#8221;&#8221; css=&#8221;.vc_custom_1451746323872{margin-bottom: 35px !important;padding-top: 30px !important;}&#8221;][vc_column width=&#8221;1\/3&#8243; css=&#8221;.vc_custom_1451773427166{margin-bottom: 0px !important;}&#8221;][vc_column_text css=&#8221;.vc_custom_1610612179490{margin-bottom: 0px !important;}&#8221;]<\/p>\n<h2 style=\"margin-top: 22px;\">Hakk\u0131m\u0131zda<\/h2>\n<p>[\/vc_column_text][\/vc_column][vc_column width=&#8221;2\/3&#8243;][vc_column_text]Uzun s\u00fcreli ve kar\u015f\u0131l\u0131kl\u0131 \u00f6d\u00fcllendirici ili\u015fkiler yoluyla ilgin\u00e7 \u015firketlerin end\u00fcstri \u00fcr\u00fcnleri ve hizmetleri olu\u015fturmalar\u0131na ve iyile\u015ftirmelerine yard\u0131mc\u0131 oluyoruz. \u0130\u015f ortaklar\u0131m\u0131zla birlikte, sadece \u00fcr\u00fcn m\u00fckemmelli\u011fini sa\u011flamakla kalmayan, ayn\u0131 zamanda zaman\u0131nda teslim eden proje planlar\u0131n\u0131 kolayla\u015ft\u0131rmak i\u00e7in \u00e7al\u0131\u015f\u0131yoruz &#8211; her g\u00fcn\u00fcn \u00f6nemli oldu\u011fu olduk\u00e7a rekabet\u00e7i bir pazarda ba\u015far\u0131 i\u00e7in \u00e7ok \u00f6nemlidir. Ekibimiz en g\u00fcncel, s\u00fcrd\u00fcr\u00fclebilir \u00f6zel \u00fcretim \u00e7\u00f6z\u00fcmlerini sunar. Malzemeleri yaln\u0131zca, titiz kalite kontrol standartlar\u0131m\u0131z\u0131 kar\u015f\u0131layan denenmi\u015f ve g\u00fcvenilir tedarik\u00e7ilerden temin ederiz.[\/vc_column_text][\/vc_column][\/vc_row][vc_row type=&#8221;container&#8221; padding_top=&#8221;&#8221; padding_bottom=&#8221;&#8221; css=&#8221;.vc_custom_1449270557833{margin-bottom: 75px !important;}&#8221;][vc_column]        \n\t<script type=\"text\/javascript\">\n\n\tjQuery(document).ready(function($) {\n\n\t\t$(\"#owlslider_2063733859\").owlCarousel({\n\t\t\tautoPlay: 4000, \n\t\t\titems : 5,\n\t\t\tpagination : false,\n\t\t\tstopOnHover : true,\n\t\t\titemsDesktop : [1199,4],\n\t\t\titemsDesktopSmall : [979,3]\n\t\t}); \n\t});\n\n\t<\/script>\n\n<div class=\"cg-logos\">\n\t<div class=\"row\">\n\t\t<div id=\"owlslider_2063733859\" class=\"owl-carousel\">\n\t\t\t\t\t\t\t\n\t\t\t\t\n\t\t\t\t<div class=\"item\">\n\t\t\t\t\t<a href=\"#\">\n\t\t\t\t\t\t<img alt=\"logo\" src=\"http:\/\/www.watsokimya.net\/wp-content\/uploads\/2021\/01\/kurita_horizontal_logo_blue-e1610356313380.png\">\n\t\t\t\t\t<\/a>\n\t\t\t\t<\/div>\n\n\t\t\t\n\t\t\t\t\n\t\t\t\t<div class=\"item\">\n\t\t\t\t\t<a href=\"#\">\n\t\t\t\t\t\t<img alt=\"logo\" src=\"http:\/\/www.watsokimya.net\/wp-content\/uploads\/2021\/01\/unnamed-1.jpg\">\n\t\t\t\t\t<\/a>\n\t\t\t\t<\/div>\n\n\t\t\t\n\t\t\t\t\n\t\t\t\t<div class=\"item\">\n\t\t\t\t\t<a href=\"#\">\n\t\t\t\t\t\t<img alt=\"logo\" src=\"http:\/\/www.watsokimya.net\/wp-content\/uploads\/2015\/10\/logo-09-2019-400.png\">\n\t\t\t\t\t<\/a>\n\t\t\t\t<\/div>\n\n\t\t\t\n\t\t\t\t\n\t\t\t\t<div class=\"item\">\n\t\t\t\t\t<a href=\"#\">\n\t\t\t\t\t\t<img alt=\"logo\" src=\"http:\/\/www.watsokimya.net\/wp-content\/uploads\/2015\/10\/7b30aff2b4d5e89604d32e5ececd25a1.png\">\n\t\t\t\t\t<\/a>\n\t\t\t\t<\/div>\n\n\t\t\t\n\t\t\t\t\n\t\t\t\t<div class=\"item\">\n\t\t\t\t\t<a href=\"#\">\n\t\t\t\t\t\t<img alt=\"logo\" src=\"http:\/\/www.watsokimya.net\/wp-content\/uploads\/2015\/10\/unnamed.png\">\n\t\t\t\t\t<\/a>\n\t\t\t\t<\/div>\n\n\t\t\t\n\t\t\t\t\n\t\t\t\t<div class=\"item\">\n\t\t\t\t\t<a href=\"#\">\n\t\t\t\t\t\t<img alt=\"logo\" src=\"http:\/\/www.watsokimya.net\/wp-content\/uploads\/2015\/10\/Tech-Flow.jpg\">\n\t\t\t\t\t<\/a>\n\t\t\t\t<\/div>\n\n\t\t\t\t\t\t\n\t\t\t\n\t\t<\/div>\n\t<\/div>\n<\/div>\n\n[\/vc_column][\/vc_row][vc_row type=&#8221;full_page_width_inner_container&#8221; padding_top=&#8221;&#8221; padding_bottom=&#8221;&#8221; css=&#8221;.vc_custom_1513592468743{margin-bottom: 0px !important;padding-top: 15px !important;padding-bottom: 55px !important;background-color: #1a1a1a !important;background-position: center !important;background-repeat: no-repeat !important;background-size: cover !important;}&#8221;][vc_column][vc_column_text css=&#8221;.vc_custom_1612258108347{margin-bottom: 25px !important;}&#8221;]<\/p>\n<p>&nbsp;<\/p>\n<p>[\/vc_column_text][vc_separator color=&#8221;#3c3c3c&#8221; type=&#8221;normal&#8221; thickness=&#8221;1&#8243; up=&#8221;&#8221; down=&#8221;&#8221;][vc_row_inner css=&#8221;.vc_custom_1451746355599{margin-bottom: -20px !important;padding-top: 40px !important;}&#8221;][vc_column_inner width=&#8221;1\/4&#8243; css=&#8221;.vc_custom_1449529391432{margin-bottom: 35px !important;}&#8221;][vc_single_image image=&#8221;70933&#8243; img_size=&#8221;medium&#8221; alignment=&#8221;center&#8221; css_animation=&#8221;top-to-bottom&#8221; css=&#8221;.vc_custom_1610610647102{margin-bottom: 0px !important;}&#8221;][vc_column_text css_animation=&#8221;bottom-to-top&#8221;]<\/p>\n<h5><span style=\"color: #ffffff;\">Yenilik\u00e7i su y\u00f6netimi ile tesis verimlili\u011finde art\u0131\u015f<\/span><\/h5>\n<p><span style=\"color: #666666;\">Kurita Su \u015eartland\u0131rmas\u0131<\/span>[\/vc_column_text][\/vc_column_inner][vc_column_inner width=&#8221;1\/4&#8243; css=&#8221;.vc_custom_1449529401726{margin-bottom: 35px !important;}&#8221;][vc_single_image image=&#8221;70973&#8243; img_size=&#8221;medium&#8221; alignment=&#8221;center&#8221; css_animation=&#8221;top-to-bottom&#8221; css=&#8221;.vc_custom_1610610724217{margin-bottom: 0px !important;}&#8221;][vc_column_text css_animation=&#8221;bottom-to-top&#8221;]<\/p>\n<h5><span style=\"color: #ffffff;\">Antech markas\u0131yla havuz kontrol sistemleri , elektronik kontrol ve otomasyon sistemleri, bilgilendirme panolar\u0131, dozaj pompas\u0131,<\/span><\/h5>\n<p><span style=\"color: #666666;\">End\u00fcstriyel Elektronik<\/span>[\/vc_column_text][\/vc_column_inner][vc_column_inner width=&#8221;1\/4&#8243; css=&#8221;.vc_custom_1449529426162{margin-bottom: 35px !important;}&#8221;][\/vc_column_inner][\/vc_row_inner][vc_separator color=&#8221;#3c3c3c&#8221; type=&#8221;normal&#8221; thickness=&#8221;1&#8243; up=&#8221;&#8221; down=&#8221;&#8221;][vc_column_text css=&#8221;.vc_custom_1451700478289{margin-bottom: 0px !important;padding-top: 5px !important;}&#8221;]<\/p>\n<h5 style=\"text-align: center;\"><span style=\"color: #ffffff;\"><a style=\"color: #ffffff;\" href=\"#\">More Testimonials \u2192<\/a><\/span><\/h5>\n<p>[\/vc_column_text][\/vc_column][\/vc_row][vc_row type=&#8221;full_page_width_inner_container&#8221; padding_top=&#8221;&#8221; padding_bottom=&#8221;&#8221; css=&#8221;.vc_custom_1451746825740{margin-bottom: 55px !important;padding-top: 15px !important;padding-bottom: 15px !important;background-color: #fdc900 !important;}&#8221;][vc_column width=&#8221;1\/6&#8243;][\/vc_column][vc_column width=&#8221;2\/3&#8243;][vc_column_text]<\/p>\n<h3 style=\"text-align: right;\"><span class=\"quote\">\u201c<\/span>\u015eirketlerin teknolojiyi, \u00f6l\u00e7e\u011fi ve arzu edilirli\u011fi \u00f6d\u00fcn vermeden entegre etmesine yard\u0131mc\u0131 oluyoruz <span class=\"quote\">\u201d<\/span><\/h3>\n<p>[\/vc_column_text][\/vc_column][vc_column width=&#8221;1\/6&#8243;][\/vc_column][\/vc_row][vc_row type=&#8221;container&#8221; padding_top=&#8221;&#8221; padding_bottom=&#8221;&#8221; css=&#8221;.vc_custom_1451747651486{margin-bottom: 10px !important;}&#8221;][vc_column width=&#8221;1\/3&#8243; css=&#8221;.vc_custom_1451773457061{margin-bottom: 0px !important;}&#8221;][vc_column_text css=&#8221;.vc_custom_1451773448243{margin-bottom: 0px !important;}&#8221;]<\/p>\n<h2 style=\"margin-top: 20px;\">Our Team<\/h2>\n<p>[\/vc_column_text][\/vc_column][vc_column width=&#8221;2\/3&#8243;][vc_row_inner css=&#8221;.vc_custom_1451747524926{padding-top: 25px !important;}&#8221;][vc_column_inner width=&#8221;1\/4&#8243;][vc_single_image image=&#8221;70863&#8243; img_size=&#8221;full&#8221; css=&#8221;.vc_custom_1513592405496{margin-bottom: 20px !important;}&#8221;][vc_column_text]<\/p>\n<h5 style=\"margin: 0px 0px 2px 0px;\"><span style=\"color: #333333;\">Tim Yeo<br \/>\n<\/span><\/h5>\n<p><span style=\"color: #808080;\">Managing Director<\/span>[\/vc_column_text][\/vc_column_inner][vc_column_inner width=&#8221;1\/4&#8243;][vc_single_image image=&#8221;70863&#8243; img_size=&#8221;full&#8221; css=&#8221;.vc_custom_1513592416268{margin-bottom: 20px !important;}&#8221;][vc_column_text]<\/p>\n<h5 style=\"margin: 0px 0px 5px 0px;\"><span style=\"color: #333333;\">Nadia Lopez<br \/>\n<\/span><\/h5>\n<p><span style=\"color: #808080;\">Head of Operations<\/span>[\/vc_column_text][\/vc_column_inner][vc_column_inner width=&#8221;1\/4&#8243;][vc_single_image image=&#8221;70863&#8243; img_size=&#8221;full&#8221; css=&#8221;.vc_custom_1513592425187{margin-bottom: 20px !important;}&#8221;][vc_column_text]<\/p>\n<h5 style=\"margin: 0px 0px 2px 0px;\"><span style=\"color: #333333;\">Stuart Banbridge<br \/>\n<\/span><\/h5>\n<p><span style=\"color: #808080;\">Customer Relations<\/span>[\/vc_column_text][\/vc_column_inner][vc_column_inner width=&#8221;1\/4&#8243;][vc_single_image image=&#8221;70863&#8243; img_size=&#8221;full&#8221; css=&#8221;.vc_custom_1513592436918{margin-bottom: 20px !important;}&#8221;][vc_column_text]<\/p>\n<h5 style=\"margin: 0px 0px 2px 0px;\"><span style=\"color: #333333;\">Kristina Nakura<br \/>\n<\/span><\/h5>\n<p><span style=\"color: #808080;\">Head of Innovation<\/span>[\/vc_column_text][\/vc_column_inner][\/vc_row_inner][\/vc_column][\/vc_row][vc_row type=&#8221;container&#8221; padding_top=&#8221;&#8221; padding_bottom=&#8221;&#8221; css=&#8221;.vc_custom_1451746675472{margin-bottom: 30px !important;}&#8221;][vc_column width=&#8221;1\/3&#8243; css=&#8221;.vc_custom_1451773467212{margin-bottom: 0px !important;}&#8221;][vc_column_text css=&#8221;.vc_custom_1451773477891{margin-bottom: 0px !important;}&#8221;]<\/p>\n<h2 style=\"margin-top: 0.65em;\">Contact<\/h2>\n<p>[\/vc_column_text][\/vc_column][vc_column width=&#8221;2\/3&#8243;][vc_column_text]<\/p>\n<h5>Her zaman b\u00fcy\u00fck ya da k\u00fc\u00e7\u00fck yeni projelerle ilgileniyoruz.\u00a0L\u00fctfen projeniz ile ilgili olarak bizimle ileti\u015fime ge\u00e7mekten \u00e7ekinmeyin.<\/h5>\n<h5><span style=\"color: #666666;\">\u00a0<\/span><\/h5>\n<p><span style=\"color: #666666;\">Herhangi bir konuda bizimle ileti\u015fime ge\u00e7mek isterseniz, l\u00fctfen 0533 699 17 09 &#8212; 0554 190 03 50 &#8211;0554 190 02 50 numaral\u0131 telefonu aray\u0131n veya bize bir e-posta g\u00f6nderin . De\u011ferlendirilmek \u00fczere bir teklif almak isterseniz,<a href=\"http:\/\/www.watsokimya.net\/index.php\/teklif-isteyin\/\">teklif alman\u0131z<\/a> yeterlidir.<\/span>[\/vc_column_text][\/vc_column][\/vc_row][vc_row type=&#8221;container&#8221; padding_top=&#8221;&#8221; padding_bottom=&#8221;&#8221; css=&#8221;.vc_custom_1451746732817{margin-right: 15px !important;margin-bottom: 65px !important;margin-left: 15px !important;border-top-width: 1px !important;border-right-width: 1px !important;border-bottom-width: 1px !important;border-left-width: 1px !important;padding-top: 20px !important;padding-bottom: 10px !important;border-left-color: #eeeeee !important;border-left-style: solid !important;border-right-color: #eeeeee !important;border-right-style: solid !important;border-top-color: #eeeeee !important;border-top-style: solid !important;border-bottom-color: #eeeeee !important;border-bottom-style: solid !important;}&#8221;][vc_column][vc_row_inner css=&#8221;.vc_custom_1449279899888{margin-bottom: 0px !important;}&#8221;][vc_column_inner][vc_column_text css=&#8221;.vc_custom_1610632068618{margin-top: 0px !important;margin-bottom: 20px !important;}&#8221;]<\/p>\n<div class=\"vc_row wpb_row vc_inner vc_row-fluid vc_custom_1449279899888\">\n<div class=\"wpb_column vc_column_container vc_col-sm-12\">\n<div class=\"vc_column-inner\">\n<div class=\"wpb_wrapper\">\n<div class=\"wpb_text_column wpb_content_element vc_custom_1513593880846\">\n<div class=\"wpb_wrapper\">\n<h2>G\u00fcncel kal\u0131n &#8211; B\u00fcltenimize kaydolun ve bizi sosyal medyada takip edin<\/h2>\n<\/div>\n<\/div>\n<\/div>\n<\/div>\n<\/div>\n<\/div>\n<p>[\/vc_column_text][\/vc_column_inner][\/vc_row_inner][vc_row_inner css=&#8221;.vc_custom_1451746561576{margin-bottom: -10px !important;}&#8221;][vc_column_inner width=&#8221;1\/4&#8243;][\/vc_column_inner][vc_column_inner width=&#8221;2\/4&#8243;][vc_column_text]<script>(function() {\n\twindow.mc4wp = window.mc4wp || {\n\t\tlisteners: [],\n\t\tforms: {\n\t\t\ton: function(evt, cb) {\n\t\t\t\twindow.mc4wp.listeners.push(\n\t\t\t\t\t{\n\t\t\t\t\t\tevent   : evt,\n\t\t\t\t\t\tcallback: cb\n\t\t\t\t\t}\n\t\t\t\t);\n\t\t\t}\n\t\t}\n\t}\n})();\n<\/script><!-- Mailchimp for WordPress v4.8.1 - https:\/\/wordpress.org\/plugins\/mailchimp-for-wp\/ --><form id=\"mc4wp-form-1\" class=\"mc4wp-form mc4wp-form-70852\" method=\"post\" data-id=\"70852\" data-name=\"\" ><div class=\"mc4wp-form-fields\"><p>\n\t<label>Email address: <\/label>\n\t<input type=\"email\" name=\"EMAIL\" placeholder=\"Your email address\" required \/>\n<\/p>\n\n<p>\n\t<input type=\"submit\" value=\"Sign up\" \/>\n<\/p><\/div><label style=\"display: none !important;\">Leave this field empty if you're human: <input type=\"text\" name=\"_mc4wp_honeypot\" value=\"\" tabindex=\"-1\" autocomplete=\"off\" \/><\/label><input type=\"hidden\" name=\"_mc4wp_timestamp\" value=\"1776285087\" \/><input type=\"hidden\" name=\"_mc4wp_form_id\" value=\"70852\" \/><input type=\"hidden\" name=\"_mc4wp_form_element_id\" value=\"mc4wp-form-1\" \/><div class=\"mc4wp-response\"><\/div><\/form><!-- \/ Mailchimp for WordPress Plugin -->[\/vc_column_text][\/vc_column_inner][vc_column_inner width=&#8221;1\/4&#8243;][\/vc_column_inner][\/vc_row_inner][vc_row_inner][vc_column_inner width=&#8221;1\/4&#8243;][\/vc_column_inner][vc_column_inner width=&#8221;2\/4&#8243;][vc_raw_html]JTNDaDMlMjBzdHlsZSUzRCUyMm1hcmdpbiUzQSUyMDBweCUzQiUyMHRleHQtYWxpZ24lM0ElMjBjZW50ZXIlM0IlMjIlM0UlMEElM0NhJTIwaHJlZiUzRCUyMiUyMyUyMiUzRSUzQ2klMjBjbGFzcyUzRCUyMmlvbi1zb2NpYWwtZmFjZWJvb2slMjIlM0UlM0MlMkZpJTNFJTNDJTJGYSUzRSUwQSUzQ2ElMjBocmVmJTNEJTIyJTIzJTIyJTNFJTNDaSUyMGNsYXNzJTNEJTIyaW9uLXNvY2lhbC10d2l0dGVyJTIyJTNFJTNDJTJGaSUzRSUzQyUyRmElM0UlMEElM0NhJTIwaHJlZiUzRCUyMiUyMyUyMiUzRSUzQ2klMjBjbGFzcyUzRCUyMmlvbi1zb2NpYWwtbGlua2VkaW4lMjIlM0UlM0MlMkZpJTNFJTNDJTJGYSUzRSUwQSUzQ2ElMjBocmVmJTNEJTIyJTIzJTIyJTNFJTNDaSUyMGNsYXNzJTNEJTIyaW9uLXNvY2lhbC1nb29nbGVwbHVzLW91dGxpbmUlMjIlM0UlM0MlMkZpJTNFJTNDJTJGYSUzRSUwQSUzQyUyRmgzJTNF[\/vc_raw_html][\/vc_column_inner][vc_column_inner width=&#8221;1\/4&#8243;][\/vc_column_inner][\/vc_row_inner][\/vc_column][\/vc_row]<\/p>\n","protected":false},"excerpt":{"rendered":"<p>[vc_row type=&#8221;full_page_width&#8221; padding_top=&#8221;&#8221; padding_bottom=&#8221;&#8221; css=&#8221;.vc_custom_1451747024312{margin-bottom: 12px !important;}&#8221;][vc_column css=&#8221;.vc_custom_1451675335363{margin-bottom: -35px !important;padding-right: 0px !important;padding-left: 0px !important;}&#8221;][layerslider_vc id=&#8221;1&#8243;][\/vc_column][\/vc_row][vc_row type=&#8221;container&#8221; padding_top=&#8221;&#8221; padding_bottom=&#8221;&#8221; css=&#8221;.vc_custom_1451747032411{margin-bottom: 12px !important;}&#8221;][vc_column][vc_column_text] \u00dcr\u00fcnleri bir fikirden son t\u00fcketiciye kadar g\u00f6t\u00fcrmek i\u00e7in yenilik ve teknolojinin \u00f6n saflar\u0131nda \u00e7al\u0131\u015f\u0131yoruz.Teklif Al\u0131n! [\/vc_column_text][\/vc_column][\/vc_row][vc_row type=&#8221;container&#8221; padding_top=&#8221;&#8221; padding_bottom=&#8221;&#8221; css=&#8221;.vc_custom_1451746433787{margin-bottom: 15px !important;}&#8221;][vc_column width=&#8221;1\/3&#8243;][vc_single_image image=&#8221;70935&#8243; img_size=&#8221;large&#8221; onclick=&#8221;custom_link&#8221; link=&#8221;http:\/\/www.watsokimya.net\/index.php\/hizmetlerimiz\/buhar-kazan-kimyasallari\/&#8221; el_class=&#8221;zoom&#8221; css=&#8221;.vc_custom_1610362137821{margin-bottom: -10px !important;}&#8221;][vc_column_text] Buhar Kazan Kimyasallar\u0131 [&hellip;]<\/p>\n","protected":false},"author":1,"featured_media":0,"parent":0,"menu_order":0,"comment_status":"closed","ping_status":"closed","template":"page-full-width.php","meta":[],"yoast_head":"<!-- This site is optimized with the Yoast SEO plugin v15.5 - https:\/\/yoast.com\/wordpress\/plugins\/seo\/ -->\n<title>Ana Sayfa - WATSO K\u0130MYA<\/title>\n<meta name=\"description\" content=\"Buhar kazan kimyasallar\u0131,Havuz Kimyasallar\u0131,Ar\u0131tma sistemleri,Kazan Temizlik Kimyasallar\u0131,Ters Osmoz Sistemleri,Kum tank\u0131,Re\u00e7ine,Karbon\" \/>\n<meta name=\"robots\" content=\"index, follow, max-snippet:-1, max-image-preview:large, max-video-preview:-1\" \/>\n<link rel=\"canonical\" href=\"https:\/\/www.watsokimya.net\/\" \/>\n<meta property=\"og:locale\" content=\"tr_TR\" \/>\n<meta property=\"og:type\" content=\"article\" \/>\n<meta property=\"og:title\" content=\"Ana Sayfa - WATSO K\u0130MYA\" \/>\n<meta property=\"og:description\" content=\"Buhar kazan kimyasallar\u0131,Havuz Kimyasallar\u0131,Ar\u0131tma sistemleri,Kazan Temizlik Kimyasallar\u0131,Ters Osmoz Sistemleri,Kum tank\u0131,Re\u00e7ine,Karbon\" \/>\n<meta property=\"og:url\" content=\"https:\/\/www.watsokimya.net\/\" \/>\n<meta property=\"og:site_name\" content=\"WATSO K\u0130MYA\" \/>\n<meta property=\"article:modified_time\" content=\"2021-02-02T09:34:09+00:00\" \/>\n<meta name=\"twitter:card\" content=\"summary_large_image\" \/>\n<meta name=\"twitter:label1\" content=\"Tahmini okuma s\u00fcresi\">\n\t<meta name=\"twitter:data1\" content=\"6 dakika\">\n<script type=\"application\/ld+json\" class=\"yoast-schema-graph\">{\"@context\":\"https:\/\/schema.org\",\"@graph\":[{\"@type\":\"WebSite\",\"@id\":\"http:\/\/www.watsokimya.net\/#website\",\"url\":\"http:\/\/www.watsokimya.net\/\",\"name\":\"WATSO K\\u0130MYA\",\"description\":\"End&uuml;stri \\u0130&ccedil;in Verimlilik\",\"potentialAction\":[{\"@type\":\"SearchAction\",\"target\":\"http:\/\/www.watsokimya.net\/?s={search_term_string}\",\"query-input\":\"required name=search_term_string\"}],\"inLanguage\":\"tr\"},{\"@type\":\"WebPage\",\"@id\":\"https:\/\/www.watsokimya.net\/#webpage\",\"url\":\"https:\/\/www.watsokimya.net\/\",\"name\":\"Ana Sayfa - WATSO K\\u0130MYA\",\"isPartOf\":{\"@id\":\"http:\/\/www.watsokimya.net\/#website\"},\"datePublished\":\"2015-10-06T12:21:51+00:00\",\"dateModified\":\"2021-02-02T09:34:09+00:00\",\"description\":\"Buhar kazan kimyasallar\\u0131,Havuz Kimyasallar\\u0131,Ar\\u0131tma sistemleri,Kazan Temizlik Kimyasallar\\u0131,Ters Osmoz Sistemleri,Kum tank\\u0131,Re\\u00e7ine,Karbon\",\"inLanguage\":\"tr\",\"potentialAction\":[{\"@type\":\"ReadAction\",\"target\":[\"https:\/\/www.watsokimya.net\/\"]}]}]}<\/script>\n<!-- \/ Yoast SEO plugin. -->","_links":{"self":[{"href":"https:\/\/www.watsokimya.net\/index.php\/wp-json\/wp\/v2\/pages\/70470"}],"collection":[{"href":"https:\/\/www.watsokimya.net\/index.php\/wp-json\/wp\/v2\/pages"}],"about":[{"href":"https:\/\/www.watsokimya.net\/index.php\/wp-json\/wp\/v2\/types\/page"}],"author":[{"embeddable":true,"href":"https:\/\/www.watsokimya.net\/index.php\/wp-json\/wp\/v2\/users\/1"}],"replies":[{"embeddable":true,"href":"https:\/\/www.watsokimya.net\/index.php\/wp-json\/wp\/v2\/comments?post=70470"}],"version-history":[{"count":47,"href":"https:\/\/www.watsokimya.net\/index.php\/wp-json\/wp\/v2\/pages\/70470\/revisions"}],"predecessor-version":[{"id":71105,"href":"https:\/\/www.watsokimya.net\/index.php\/wp-json\/wp\/v2\/pages\/70470\/revisions\/71105"}],"wp:attachment":[{"href":"https:\/\/www.watsokimya.net\/index.php\/wp-json\/wp\/v2\/media?parent=70470"}],"curies":[{"name":"wp","href":"https:\/\/api.w.org\/{rel}","templated":true}]}}